(9 - (12 - 5)) + 11).
-26
What is the value of 0 + 5 - (-14 + (4 + 12 - 1))?
4
What is (12 - (20 + -13) - (1 - 0)) + -10?
-6
Calculate (2 - ((-4 - 7) + 11)) + -3.
-1
Evaluate (5 + -4 - 24) + 4.
-19
-4 + (-1 - 0 - (-2 + -16 + 15))
-2
Calculate 3 + -4 + (8 - 14) + -5.
-12
Evaluate -3 - (-17 - (2 - 10)) - 6.
0
Calculate 4 - -1 - (24 + -11) - (-1 - -2).
-9
Evaluate -3 + (2 - 1) + -12 + 11 + -20.
-23
What is -6 - (-19 - (-22 + 7)) - (-3 - 0)?
1
What is 1 + (16 - (38 - 9))?
-12
Calculate -38 - ((-47 - -29) + -5).
-15
Calculate -11 + (-3 - -19) + -22.
-17
Evaluate 20 - (-2 - -23 - 12).
11
What is (-27 - -8) + 1 + 14?
-4
What is 9 + -8 + (-1 - (12 - 4))?
-8
Evaluate 14 + (10 - 18 - (-1 - (0 - -5))).
12
What is the value of (-13 - (-36 + 6)) + -6?
11
Calculate -14 + 23 + -33 + 14.
-10
What is -22 + 34 + 16 - (11 - 0)?
17
What is the value of 4 - 7 - (17 + -9 - 4)?
-7
What is the value of (-5 - 15 - -13) + (-10 - 0)?
-17
Evaluate (-11 - (-11 + 5)) + 1 - -6.
2
Evaluate -2 - (-29 + 10) - 30.
-13
What is the value of (-50 - -38) + (22 - -1) + -1 + 4?
14
-48 - (6 + 34 + -77)
-11
Evaluate (6 - 13) + (-2 - (-6 - -9)).
-12
What is the value of -13 + (10 - 14) - (2 - (4 - 5))?
-20
What is (2 - 0) + -1 - (4 - 0)?
-3
What is -58 - -53 - (-1 + 7) - -1?
-10
What is the value of -8 + -24 + 7 + (-3 - -6) + -6?
-28
Calculate 11 - (6 - 5) - 7.
3
What is the value of -3 + 1 + (-9 - -5) - (-5 + 6)?
-7
Calculate 3 + -6 + -4 + 11 - 16.
-12
1 + (61 - 67 - (-3 + 1))
-3
-11 + (-5 - (-4 + 6 - 1)) - -6
-11
2 + (36 + -28 - (-2 - 5))
17
What is -88 + 29 + 7 + 17?
-35
What is -64 + 21 + 70 + -3?
24
-1 + (1 - 19 - (-148 - -142))
-13
What is the value of 1 + -1 + -5 + 18?
13
What is -23 - (15 - 31) - (19 + -8)?
-18
Calculate 11 + (-2 + (1 - -9) - 4).
15
What is 46 + -42 - (1 - (-2 + 3))?
4
Evaluate (33 - 13 - 3) + -35.
-18
Calculate -29 - (28 - 36 - (-4 + 0 + 6)).
-19
Evaluate 15 + 34 + -9 - 25.
15
Calculate 7 + (-8 - (-2 - 13)).
14
-3 + (-6 - -10) + -9 - (-58 - -35)
15
Evaluate (-5 - (-9 + -1)) + 0 - 4.
1
-13 - -16 - (4 + 2 + -3) - -6
6
What is the value of 1 + -11 + -2 + 2 + 6 + -2?
-6
Calculate 1 - ((1 - (11 - 11)) + -7).
7
What is the value of (-39 - (-19 - 22)) + 16?
18
28 - 39 - (4 - 4)
-11
Calculate -1 + 9 + 1863 + -1867.
4
What is -46 + (24 + -41 - -28)?
-35
0 + -3 - (-8 + 4 + (0 - -2))
-1
Evaluate 3 + -30 + -96 + 122.
-1
(3 - (5 - 4)) + 10 + -21 + 3
-6
What is the value of (126 - 119) + (8 + -4 + -8 - -2)?
5
Evaluate (25 - 9) + -6 + -10.
0
What is the value of 25 + 4 + 3 + -4 + -24 + 14?
18
Evaluate (-21 + 34 - 9) + 11.
15
Calculate (3 - (-6 - 0)) + -3.
6
Calculate 1 + 12 + -88 + 75.
0
7 + 4 + (23 - 44)
-10
Calculate -19 - (32 - 20 - 17).
-14
Evaluate 334 + -331 + (1 - -14) - 13.
5
-7 - (65 + -79) - (0 - (1 - 4))
4
Calculate -57 + (28 - 8) + 37.
0
What is the value of 7 - (-6 + (9 - 10) + 13 + 6)?
-5
What is -2 - (5 + -9 + (-2 - -2) + 10)?
-8
Calculate 7 + 12 + (19 - 53) + 14.
-1
What is -6 + (-4 - (5 + -13 - -9))?
-11
1 + -3 + -1 - (-29 + 21)
5
Evaluate -10 + (-7 - 1) + -3 + 39.
18
Evaluate 7 - (-23 - (12 + -23)) - (-4 - 2).
25
Calculate 0 - (-5 - -8 - -3) - (-3 + 0).
-3
Evaluate 2 + (3 - 1 - 9) - (144 + -144).
-5
What is (16 + -28 - -12) + (18 - (-5 - -11))?
12
Calculate -37 - -27 - (-11 + 5 + -3).
-1
Evaluate 22 - (11 + 5 + -10) - 8.
8
Calculate (-23 - -4) + -4 - -20 - (18 + -1).
-20
What is -32 + (1 - -66) - 13?
22
Calculate (-9 - 0 - (-201 + 189)) + -1 + -1.
1
What is the value of (-2 - -10) + (-10 - -7) + -11?
-6
What is the value of -7 + (18 - (16 + -9 - (7 - 2)))?
9
Calculate (-3 - (8 + (18 - 16))) + 9.
-4
Calculate 2 - (-14 + 20) - (-2 - -5).
-7
Evaluate 11 - 8 - 5 - (-5 + 1 - -1).
1
What is (-22 - (21 - 29)) + (-1 - -45)?
30
Calculate 7 + 15 + -33 + 18.
7
Evaluate 806 + -841 - (-16 - 0).
-19
What is -46 - -61 - (-12 + (5 - 4))?
26
What is -17 + 13 + (-3 - (-9 + 7)) - -18?
13
What is the value of 16 + -33 + 28 - 4?
7
Evaluate -15 + (-3 - -28) + -2 + (-1 - 0).
7
What is (-6 - -33) + 17 + -67?
-23
What is 11 + (-20 - (-49 + 27)) + 0 + 3?
16
What is 10 + (9 - -4 - 11)?
12
What is the value of -16 - (11 + (6 - 25)) - (6 - 2)?
-12
Evaluate (10 - -3) + (28 - 3) + -19.
19
What is the value of 3 - -2 - (64 - 68 - (-3 + 4))?
10
What is the value of -33 - (-9 - 8) - -11 - 14?
-19
Calculate (9 - 3) + (10 - -4 - 10).
10
Calculate -10 + (10 - (10 + 7)).
-17
What is -30 + 21 + 14 + -1 + 17 + 2?
23
-1 - 18 - 1 - (52 + -53 + 6)
-25
What is the value of 1 + 1 - (-4 + -1 + -2)?
9
Evaluate -11 + 32 + -10 + -1 + -1.
9
-3 + (19 - (4 + -1 + 3))
10
Evaluate (6 - 0) + 12 + (9 - 12) + -3.
12
Calculate 3 + 16 + 9 + (5 - 13).
20
Evaluate 5 - ((8 - 2) + 4) - 7.
-12
-10 + (44 - 29) - (-27 + 4)
28
What is the value of 24 + (-5 - 3) + -17 + 3?
2
Calculate -7 + (19 - 16) - (11 + -35).
20
15 - (8 - -10) - 8
-11
What is the value of -13 - (4 + -9 - -16 - 12)?
-12
What is 0 + -5 - -7 - (-20 + 12)?
10
(-2 - -1) + (6 - 13 - -2) + -8
-14
(-5 - 8) + 4 + (0 - -8)
-1
Calculate (-2 - -2) + 24 - (-11 + (13 - -5)).
17
-1 + 2 + (-3 - (4 - -5 - 10))
-1
Evaluate ((1 - -1 - -6) + -8 - -6) + -16.
-10
Calculate -3 + (-91 - -91) + -1 + 3 + -4.
-5
What is the value of (0 + -3 - 2) + -27 + 30?
-2
What is the value of (22 + -13 - 17 - (-3 + -1)) + -11?
-15
Calculate 9 - ((32 - (0 - -12)) + (0 - -5)).
-16
What is the value of -8 + 1 + (38 + -47 - -24)?
8
Calculate -34 - (1 - 24) - (2 - -5).
-18
What is -29 + 37 - (-5 + 12 + 2)?
-1
(2 - 3) + (4 - 9) + (8 - 15)
-13
What is the value of 17 - (-4 + 1 + 19)?
1
Calculate -4 - (3 - (0 + 0)) - (-61 - -67).
-13
What is 17 - 15 - ((-1 + -5 - -6) + 17)?
-15
Calculate 1 + (1 - 17) + -1530 + 1553.
8
Evaluate 65 + -82 - (1 - 2).
-16
11 + (-9 - -3) - 16
-11
What is -17 + 35 + -3 + -8?
7
What is the value of 15 + (85 - 81 - (4 + (-4 - -2)))?
17
What is the value of (-173 - -175) + 8 + -3 + -14?
-7
Calculate 11 + (15 + -26 - (-1 - 6)).
7
Calculate -2 + -1 + 12 + -3 + -19.
-13
-2 - (2 + -7) - (-12 - -11 - -6)
-2
What is (104 - 111) + (0 - 2) - -16?
7
2 - -18 - (91 - 54)
-17
5 + (4 - -30) - 46
-7
Calculate -59 - -10 - -42 - (1 + 11).
-19
What is -3 + 2 - (1 - 6 - 1)?
5
What is -8 + 0 + 0 + -2 + 2?
-8
What is the value of 224 - 229 - (2 - 0 - 14)?
7
What is the value of 11 - (9 + -1 - -2 - (35 - 32))?
4
What is (1 - 7) + 16 - 20?
-10
What is -180 + 177 + (8 - -1) + 0 + -5?
1
What is the value of (1 - (-4 + 14)) + 1?
-8
8 - (1 - (7 - -2 - 4))
12
Evaluate 1 + 1 + 3 + 10 + (-2 - 2).
11
What is the value of -22 + (76 - (27 - -11))?
16
What is the value of -18 - (-23 - -47) - -45?
3
Evaluate (-6 - 1) + (-26 - -15) + 17.
-1
What is the value of -24 - (38 + -30 + -24)?
-8
What is the value of -1 + (9 - 0 - ((13 - 13) + 6))?
2
-4 + 4 - (2 - 0) - (-69 - -56)
11
What is 5 + (3 - (2 + -2 - -7) - -5)?
6
What is the value of 2 + -6 + 3 + -4 - -7?
2
Calculate (-2 - -23) + 5 + -19 + 2 + 6.
15
Evaluate (17 - (-15 - -23)) + -26.
-17
What is the value of (2 - 3) + 16 - (-7 - -23 - 12)?
11
Evaluate 6 + -1 + 1 + -5 + 14 + -7.
8
-9 + (48 + -44 - (-1 - -1))
-5
Calculate -10 + (0 + -2 - ((11 - 4) + -14)).
-5
What is (91 - 84) + 0 + (-1 - 1)?
5
What is the value of (-10 + 4 - -5) + (5 + -11 - 6)?
-13
Evaluate -2416 + 2408 + -12 + (0 - 0 - 0).
-20
(1 - 2) + (-9 - -15) + (1 - -5)
11
Calculate -11 + 1 - (-120 + (-52 - -136)).
26
Evaluate -3 + 6 + -3 + (15 - 6) + -4.
5
Calculate -35 + (-34 - -6 - -55).
-8
Evaluate (-6 + 9 - (8 - 8)) + (-1 - 7).
-5
What is the value of -11 - (15 + (-9 - 16) + 15)?
-16
-139 + 81 - (-33 - -11)
-36
3 - 6 - ((-1 - (3 - -1)) + -8)
10
-1 - -10 - (212 + -197)
-6
Calculate -36 - (-41 - 11 - -13).
3
Evaluate (16 - -2 - (12 - (-12 - -16))) + -20.
-10
(-54 - -47 - (-1 - 9)) + -3 + -15
-15
What is (19 - (4 + 1)) + -8 + 4?
10
(15 + 5 - 21) + 33 + (1 - 6)
27
What is 6 + -1 + -55 + 11 + 4 + 0?
-35
What is (7 - (17 - -18)) + 15 + 8?
-5
Calculate -10 + 2 - (0 + -2 - 2).
-4
Calculate -1 + -35 - (-1142 + 1137).
-31
(23 - 0) + (13 - 22) + -8
6
What is the value of (-49 - -10) + 23 + 16?
0
1 + 3 + -14 + 8 + 22 + -14
6
Evaluate (5 - 14) + -5 + 6 + -6.
-14
(-3 - -2) + (-18 - -24) + 7
12
What is the value of (-28 - -30) + -18 + (1 + 8 - 1)?
-8
What is the value of -9 - (-4 + -7) - 1 - -1?
2
Calculate 6 - (11 - (6 - -2)) - (9 - 6).
0
What is the value of 7 - (-1 + -2 - (-40 - -21)) - 5?
-14
What is (-23